37
Let t(s) = s**2 - 3*s - 4232. Determine t(67).
56
Let z(r) = -91563*r - 2380626. Calculate z(-26).
12
Let b(y) = -1850146*y - 9250711. What is b(-5)?
19
Let k(m) = -2*m**3 - 549*m**2 + 657*m + 105216. Give k(-275).
166
Let w(v) = v**2 + 99*v - 14308. Determine w(-179).
12
Let h(k) = -1190*k - 2314. Give h(-2).
66
Let z(u) = 33*u**2 - 17*u + 51. Determine z(4).
511
Let t(r) = -r**3 - 18*r**2 - 5884*r - 99734. Give t(-17).
5
Let y(u) = 39341*u + 4. What is y(0)?
4
Let b(u) = -4*u**2 + 64*u + 360. Determine b(0).
360
Let g(m) = 214*m + 1235. Give g(0).
1235
Let r(w) = -w**3 - 98*w**2 - 309*w - 1368. Calculate r(-95).
912
Let d(x) = 366721*x + 2200317. Determine d(-6).
-9
Let b(u) = -16*u**2 + 192*u + 234. Calculate b(15).
-486
Let p(n) = -941*n + 3769. Calculate p(4).
5
Let o(f) = -2*f**3 + f**2 - 300*f + 3370. Give o(8).
10
Let d(p) = -2*p**3 - 57*p**2 + 118*p + 4081. Give d(-28).
-7
Let h(o) = -o**3 + 52*o**2 - 226*o - 2878. Give h(46).
-578
Let k(b) = -2*b**2 + 2994*b + 128899. Calculate k(-42).
-377
Let w(l) = -8*l**2 - 89*l - 432. Calculate w(-10).
-342
Let j(i) = -4325*i - 190363. Calculate j(-44).
-63
Let p(j) = 39*j**2 - 418*j - 114. What is p(11)?
7
Let o(a) = 463*a + 3022. Give o(-7).
-219
Let h(s) = -127*s**2 - 1196*s - 65. What is h(-8)?
1375
Let p(d) = 7642*d**2 + 45854*d + 6. Determine p(-6).
-6
Let u(h) = -h**2 - 19*h + 3011. What is u(-54)?
1121
Let x(r) = -218*r**2 - 160*r + 24. Determine x(-1).
-34
Let v(u) = 6*u**3 - 136*u**2 + 218*u - 138. Calculate v(21).
30
Let q(g) = g**3 - 44*g**2 + 152*g + 316. Determine q(39).
-1361
Let t(k) = -581*k - 188235. Determine t(-324).
9
Let u(g) = 1228*g + 174381. Calculate u(-142).
5
Let q(p) = 14*p**3 - 81*p**2 - 140*p + 916. What is q(6)?
184
Let j(u) = 98*u - 4750. Determine j(54).
542
Let g(i) = -i**3 - 6*i**2 + 5141*i + 35945. Calculate g(-7).
7
Let j(x) = 38260*x + 229889. What is j(-6)?
329
Let i(p) = 1003*p**2 + 1090261*p + 35. Give i(-1087).
35
Let r(d) = -3*d**2 - 282*d - 6595. Calculate r(-44).
5
Let m(i) = -38*i**2 + 217*i + 1768. Calculate m(-8).
-2400
Let t(c) = 2*c**2 + 133*c - 160. Determine t(0).
-160
Let v(a) = -33*a**2 - 10429*a + 10109. What is v(-317)?
-35
Let i(t) = -4*t**3 - 5*t**2 - 642*t + 2712. What is i(4)?
-192
Let g(a) = a**3 + 48*a**2 - 24*a - 449. Determine g(-48).
703
Let j(d) = 2*d**3 - 258*d**2 - 1254*d + 22. What is j(-5)?
-408
Let d(h) = 2*h**3 + 374*h**2 - 740*h + 3020. What is d(-189)?
-4
Let n(t) = 151885*t - 1670728. What is n(11)?
7
Let k(o) = 48*o**2 - 394*o - 295. Determine k(10).
565
Let w(g) = -5*g**2 + 24508*g + 98034. What is w(-4)?
-78
Let h(j) = -90*j**2 + 18276*j - 1195. Calculate h(203).
23
Let s(z) = -15483*z + 2152159. What is s(139)?
22
Let h(t) = -6*t**2 - 159*t + 2725. Calculate h(20).
-2855
Let o(a) = -892*a + 81179. What is o(91)?
7
Let c(u) = -2*u**2 + 13*u + 494. Give c(19).
19
Let j(n) = -2*n**3 + 218*n**2 + 10*n - 983. What is j(109)?
107
Let p(y) = -y**2 + 317*y - 22014. Give p(214).
28
Let c(i) = i**3 + 11*i**2 - 257*i - 557. Give c(-2).
-7
Let c(w) = -4*w**2 - 566*w + 2018. Calculate c(-145).
-12
Let x(i) = -29*i - 268. Determine x(8).
-500
Let w(l) = -7*l**3 + 6*l**2 + 3*l - 23. What is w(3)?
-149
Let o(g) = -3*g**3 - g**2 + 3922*g - 3922. What is o(1)?
-4
Let i(t) = -763*t - 5417. Calculate i(-13).
4502
Let u(b) = -457973*b - 2289856. Determine u(-5).
9
Let d(v) = -29661*v + 2610174. What is d(88)?
6
Let b(k) = -185*k**3 - 16088*k**2 + 612*k + 270. Determine b(-87).
9
Let k(v) = -220*v + 3138. Give k(14).
58
Let p(t) = -668*t + 4132. Calculate p(6).
124
Let w(j) = 4*j**2 + 1316*j - 9093. Give w(7).
315
Let v(d) = 9*d**3 + 264*d**2 - 156*d + 743. What is v(-30)?
23
Let d(x) = 10*x**3 - 163*x**2 - 324*x - 18. Determine d(18).
-342
Let q(g) = 10*g**3 - 1238*g**2 - 289*g + 5091. Give q(124).
7
Let v(i) = i**3 + 205*i**2 + 2504*i + 893. Calculate v(-192).
-643
Let g(y) = -53*y**3 + 4*y**2 - 240*y + 698. What is g(3)?
-1417
Let v(m) = -1355*m - 17535. Give v(-13).
80
Let u(p) = 12*p**2 - 660*p - 2092. What is u(58)?
-4
Let s(m) = 300*m + 54223. Determine s(-181).
-77
Let x(h) = -686415*h - 8237022. What is x(-12)?
-42
Let o(j) = 31354*j + 658511. Determine o(-21).
77
Let z(v) = -11*v**2 - 456*v - 4396. Determine z(-13).
-327
Let b(s) = -s**2 + 1942*s - 777194. Determine b(564).
-2
Let p(j) = 3*j**3 + 73*j**2 - 768*j - 20553. Calculate p(-21).
-15
Let y(o) = 3653*o + 21934. What is y(-6)?
16
Let d(x) = -2*x**2 - 258381*x - 2841948. What is d(-11)?
1
Let p(y) = y**3 + 27*y**2 + 145*y + 4814. What is p(-28)?
-30
Let j(t) = -t**3 + 41*t**2 + 44*t + 6149. Give j(45).
29
Let x(h) = 103*h - 1658. Determine x(11).
-525
Let w(x) = 4449*x + 35624. What is w(-8)?
32
Let n(q) = -48*q**2 - 108*q + 94. Give n(-7).
-1502
Let b(f) = -4*f**2 - 27*f + 3227. Give b(-32).
-5
Let r(m) = -m**3 - 236*m**2 + 202*m - 8300. What is r(-237)?
-5
Let y(m) = 4*m**3 - 301*m**2 + 66*m + 95. Give y(75).
-580
Let u(v) = -5*v**2 - 1995*v - 82723. Calculate u(-47).
-3
Let d(w) = 5573*w + 111602. Give d(-20).
142
Let y(r) = -4*r**3 - 2158*r**2 - 197115*r + 1255. Determine y(-423).
-14
Let w(d) = 3*d**3 + 183*d**2 - 8*d + 33. Give w(-61).
521
Let w(k) = 164970*k - 1154826. Determine w(7).
-36
Let q(j) = -j**3 - 21*j**2 - 4840*j - 147098. Give q(-29).
-10
Let g(a) = -1225*a - 7713. Give g(-6).
-363
Let i(y) = y**3 - 240*y**2 - 746*y + 4131. Give i(243).
0
Let n(j) = -j**3 + 118*j**2 + 252*j - 1597. Give n(120).
-157
Let l(u) = -u**2 + 9136*u + 164792. Calculate l(-18).
20
Let f(j) = -j**2 - 433*j + 33497. Determine f(67).
-3
Let v(j) = 224*j - 6860. What is v(30)?
-140
Let g(u) = -8*u**2 - 746*u + 154598. Calculate g(100).
-2
Let p(i) = 16188*i - 1295047. Determine p(80).
-7
Let o(x) = x**3 + 1495*x**2 + 42509*x - 174. Calculate o(-29).
-29
Let t(p) = 6*p**2 + 141307*p + 282596. Give t(-2).
6
Let t(a) = 4*a**2 + 75*a + 1373. What is t(-17)?
1254
Let k(v) = -177*v**3 - 1232*v**2 + 83*v + 236. Determine k(-7).
-2
Let z(f) = 6058*f + 60728. Give z(-10).
148
Let i(y) = -24884*y - 4852403. Determine i(-195).
-23
Let s(b) = -359*b**2 + 148994*b - 3735. Give s(415).
0
Let r(k) = 2*k**3 - 653*k**2 - 10773*k - 1. Determine r(-16).
-2993
Let g(l) = l**3 - 167*l**2 - 549*l + 35704. Determine g(169).
45
Let u(x) = -3765*x + 14555. Give u(4).
-505
Let l(q) = -64*q**3 + 627*q**2 + 17*q + 1155. What is l(10)?
25
Let h(z) = 2*z**3 - 912*z**2 - 3684*z + 1838. Determine h(460).
-2
Let g(a) = -61*a**2 + 17361*a + 6671. Calculate g(285).
-169
Let y(j) = 2*j**3 - 195*j**2 + 80*j + 34. What is y(97)?
-1615
Let o(f) = 153268*f - 613191. Give o(4).
-119
Let h(a) = -a**3 + 5*a**2 - 30972*a - 186235. What is h(-6)?
-7
Let r(n) = n**3 + 49*n**2 + 197*n - 4053. What is r(-42)?
21
Let p(u) = -190*u + 13747. What is p(72)?
67
Let s(l) = -8*l**3 - 15*l**2 + 2*l + 4. Calculate s(-3).
79
Let q(d) = -145*d**2 + 14797*d - 720. What is q(102)?
-6
Let w(b) = 93*b**2 - 33491*b + 3993. Calculate w(360).
33
Let u(w) = w**3 + 8*w**2 - 107*w - 374. Determine u(9).
40
Let y(b) = 3542*b**3 - b**2 + 425*b - 424. What is y(1)?
3542
Let o(n) = -31316*n - 1565726. What is o(-50)?
74
Let x(a) = -19*a**3 + a**2 - 62*a - 195. Determine x(-3).
513
Let j(v) = 2*v**2 + 2715*v - 19088. What is j(7)?
15
Let p(o) = o**2 + 144*o + 4853. Determine p(-38).
825
Let c(i) = i**3 - 44*i**2 - 121*i + 902. Determine c(46).
-432
Let o(p) = -230*p**2 + 1609*p + 9. Determine o(7).
2
Let w(v) = -35751*v - 429018. Calculate w(-12).
-6
Let r(d) = -19353*d - 96675. What is r(-5)?
90
Let t(p) = 8789*p + 87863. Determine t(-10).
-27
Let u(s) = -2*s**2 + 163*s + 5291. Give u(105).
356
Let b(g) = 2*g**3 - 140*g**2 - 6739*g + 1949. Determine b(-33).
2
Let y(d) = 409894*d + 20084812. Determine y(-49).
6
Let a(x) = 16*x**2 - 1528*x + 6567. Give a(91).
15
Let q(m) = -4*m**3 + 175*m**2 - 1766*m - 154. Calculate q(16).
6
Let d(g) = -7*g**2 + 462*g - 598. Give d(65).
-143
Let r(t) = 2*t**3 - 103*t**2 - 4857*t + 249837. Give r(52).
-23
Let w(g) = -108*g - 843. What is w(-6)?
-195
Let z(p) = -8*p**3 - 7*p**2 - 332*p - 2584. Determine z(-8).
3720
Let z(r) = 19*r**2 - 2024*r + 3040. What is z(105)?
-5
Let l(n) = -4*n**2 + 578*n + 4661. Determine l(-9).
-865
Let o(f) = -615*f**2 - 3*f - 55. Determine o(-2).
-2509
Let q(s) = 19771*s - 454768. Determin